mainder when 7 is divided by u.
2
Let m = -135 + 188. Calculate the remainder when m is divided by 15.
8
Suppose q - 4*h + 7 = 0, -2*h = 3*q - 22 + 1. Suppose 133 + 77 = q*d. Let w = -46 + 57. What is the remainder when d is divided by w?
9
Let m = -1158 + 1409. Calculate the remainder when m is divided by 17.
13
Let m(u) = u**2 - 52*u - 44. Calculate the remainder when 394 is divided by m(53).
7
Let j = -224 + 276. Calculate the remainder when j is divided by 51.
1
Let v = -26 + 53. Let c(l) = l + 31. Let i be c(-6). Let z = 76 - i. What is the remainder when z is divided by v?
24
Let q(x) = 71*x + 211. What is the remainder when q(7) is divided by 89?
85
Let h = -5 - -2. Let d = 12 + h. What is the remainder when 33 is divided by d?
6
Let g(s) = -s**3 + s**2 - 2. What is the remainder when 37 is divided by g(-2)?
7
Suppose -l + 8 = l. Let w = 14 - l. Suppose 0 = -21*f + 18*f + 117. Calculate the remainder when f is divided by w.
9
Suppose 0 = 319*p - 330*p + 418. What is the remainder when 833 is divided by p?
35
Let v be (-3 - -2) + 2 - -56. Let n = -34 + v. Calculate the remainder when n is divided by 8.
7
Suppose -11*u + 131 = -276. What is the remainder when u is divided by 27?
10
Suppose -3*q + 49 + 5 = 0. Let r(d) = -d + 67. Let c(u) = 25*u**3 + 2*u**2 - u. Calculate the remainder when r(q) is divided by c(1).
23
Suppose 0 = -5*x + 4*x + 4*p - 5, 5*p - 42 = -2*x. Suppose -l = -5*m + 204, -l - 41 = 4*m - 197. Calculate the remainder when m is divided by x.
7
Let c be (-54)/15 + 8/(-20). What is the remainder when 7 is divided by (-104)/(-39)*(-9)/c?
1
Let k(x) = 8*x + 523. Calculate the remainder when k(-31) is divided by 59.
39
Let o = 29 + -12. Suppose -966 - 672 = -14*a. What is the remainder when a is divided by o?
15
Let s(b) = 2 - 1 + 0 + b + 0. Calculate the remainder when 205/25 - (-3)/(-15) is divided by s(2).
2
Let v be 3/4*4 - 0. Suppose -2*k - k = -3*d - 210, -v*d - 80 = -k. What is the remainder when k is divided by 11?
10
Let k = 105 + -84. Calculate the remainder when 138 is divided by 7/(3 + (-8)/60*k).
33
Let f = -205 - -232. What is the remainder when 565 is divided by f?
25
Let l(u) = 26*u**2 - 6*u + 6. Calculate the remainder when l(1) is divided by 11.
4
Let a(j) = 21*j - 1. What is the remainder when a(3) is divided by 1/(19/247*(2 - 1))?
10
Let m(y) = y**3 + 3. Suppose 3*j = 5*j. Suppose j*g + 5*g = 15. Calculate the remainder when m(g) is divided by 11.
8
Suppose 0 = 4*q + 8, 2*m + 8*q - 4*q - 96 = 0. Calculate the remainder when m is divided by 37.
15
Suppose -3*c - 160 = -8*c. Let q be 28/3*(18/(-4) + 6). Calculate the remainder when c is divided by ((-77)/q*2)/(1*-1).
10
Let r be (4 - (-5 + 9))*-1. Suppose r = -g + 11*g - 950. Calculate the remainder when g is divided by 49.
46
Let d(m) = -12*m + m**2 + 0 + 5 + 9. Let x(i) = i**3 - 3*i**2 - 11*i + 45. Let u be x(3). Calculate the remainder when 25 is divided by d(u).
11
Let b = 667 - 593. Calculate the remainder when b is divided by 16.
10
Let f be (-1*1)/((-30)/8 - -4). Calculate the remainder when 21 is divided by (f/(-2))/(3/6).
1
Let q = 544 - 251. Calculate the remainder when q is divided by 95.
8
Let k(h) = -3*h**3 - 4*h**2 - 4*h - 2. Calculate the remainder when 16 is divided by k(-2).
2
Let u(h) = 10*h**2 + 13 - 2*h**3 + 3*h**3 - 8*h - 2*h. Let w be u(-11). Suppose w*y = -3 + 29. What is the remainder when 37 is divided by y?
11
Let v(n) = -n**3 + n**2 + 4*n. Let x(h) = h**2 + 82*h + 1454. Calculate the remainder when x(-62) is divided by v(-3).
22
Let v(i) = 10 - 19 + 6 + 6 - 66*i. What is the remainder when v(-1) is divided by (-652)/(-18) - (-12)/(-54)?
33
Let j = -250 - -321. What is the remainder when j is divided by 16?
7
Let g be 4/(-16) - (-162)/(-24). What is the remainder when 2 is divided by (g - -2) + 3 - -4?
0
Let p(a) = 10*a**2 + 57*a - 109. Suppose -5*u + u + 48 = 0. What is the remainder when p(2) is divided by u?
9
What is the remainder when 1213 is divided by 152/3*(-384)/(-256)?
73
Let f(k) = -2*k**2 - 15*k - 4. Let w be f(-7). Suppose 2*g - 20 = -w*g. What is the remainder when 4 is divided by g?
0
Suppose -701 = -30*u + 499. What is the remainder when 192 is divided by u?
32
Suppose 0 = 27*n - 21*n - 1032. What is the remainder when n is divided by 25?
22
Let x = 23 - 14. Let y(a) be the third derivative of -a**5/60 - 5*a**4/12 + 5*a**3/6 - 3*a**2. Calculate the remainder when y(-7) is divided by x.
8
Suppose 0 = 4*h + 5*w, -h = -4*h + 3*w + 27. Suppose 5*c - 5 = -0*c. What is the remainder when h is divided by (-1)/(c + -2) - -2?
2
Calculate the remainder when 571 is divided by (-242)/77*28/(-8).
10
Let a(o) = 0*o - 2*o**3 - 4*o**2 + 3*o**3 + 0*o + 3. Let u be a(4). Suppose 0*x - 39 = -u*x. What is the remainder when 36 is divided by x?
10
Let f(j) = 60*j**3 + 2*j**2 - 2*j + 1. Let q be (-4)/16 - (-21)/(-12). Let z be (6/(-4) + 1)*q. What is the remainder when f(z) is divided by 32?
29
Let s(o) = 508*o + 30. What is the remainder when s(1) is divided by 10?
8
Let b(z) = -2*z**2 + 72*z + 89. Calculate the remainder when 137 is divided by b(37).
2
Let s(p) = 7*p + 3. Let h(k) = 2*k**2 - 3*k + 3. Let z be h(1). What is the remainder when 66 is divided by s(z)?
15
Let p be (511/42*-2)/(1/(-3)). Let h = p - 35. What is the remainder when 73 is divided by h?
35
Let h be ((-2)/4)/((-12)/2520). Let n = 221 - h. What is the remainder when n is divided by 40?
36
Suppose 0 = -0*m - 6*m + 78. Calculate the remainder when 167 is divided by m.
11
Suppose -3*l + 12 = 0, 6*r - r + l - 219 = 0. Let m = -3071 - -3369. What is the remainder when m is divided by r?
40
Suppose -33*s + 60*s - 486 = 0. What is the remainder when 198 is divided by s?
0
Let j(k) = 41*k**3 + 5*k**2 - 6*k + 1. Calculate the remainder when 120 is divided by j(1).
38
Let i(j) = -j**3 - 5*j**2 - 5*j + 2. Let y(p) = -p**2 - p + 1. Let z(x) = i(x) + y(x). Calculate the remainder when 13 is divided by z(-5).
5
Suppose -10*l + 53 = -8*l + z, l - 14 = 2*z. Calculate the remainder when l is divided by 13.
11
Calculate the remainder when 124 is divided by (20 - -1)/(21/63).
61
Let p = -102 - -112. Suppose 1065 = 25*m - p*m. What is the remainder when m is divided by 18?
17
Let d be (-7)/(1*(-2 - -1)). Let q(w) = -w + 9. Let n be q(d). Let y(f) = 3*f**2 + 2. Calculate the remainder when 27 is divided by y(n).
13
Let p be 1 - 0 - (-5 - -2). Suppose p*a - 16 = -8. Suppose 4 = t + 2, 0 = 4*n + a*t - 32. Calculate the remainder when 11 is divided by n.
4
Let y(m) = 8. Let k(i) = -i - 15. Let d(b) = 3*k(b) + 7*y(b). Let a(l) = -3*l - 2. Calculate the remainder when d(-6) is divided by a(-4).
9
Let k(z) = 2*z**3 - 4*z**2 - 5*z + 5. Let n be k(4). Let d = 29 + n. Let s = 30 + -10. What is the remainder when d is divided by s?
18
Let i(y) = 26 - 3*y**2 + 4*y**2 + 172*y - 173*y - 36. Let q be (-4 - -1)/(1/(-2)). Calculate the remainder when 37 is divided by i(q).
17
Let r be (-6)/(-14) - (-8)/14. Suppose -2*t + 3*h + 60 = 0, 2*t - 2*h - r = 61. What is the remainder when 98 is divided by t?
32
Let i(a) = -a**2 - 16*a + 76. What is the remainder when 84 is divided by i(-19)?
8
Suppose 0 = 2*s + 2 - 0, -3*s + 153 = 4*f. What is the remainder when f is divided by 8?
7
Let f = 158 + -151. Calculate the remainder when 41 is divided by f.
6
Let b(v) = -4*v**2 + 10*v - 2*v**3 + 6 - 4*v**2 - 12*v. What is the remainder when b(-5) is divided by 17?
15
Let s(i) = -i**2 - 5*i + 1. Suppose 7 = -3*h + 5*f, -4*h + 0*f - 28 = -2*f. Let d = h - -5. What is the remainder when 7 is divided by s(d)?
2
Let f = -135 - -222. Let h(m) = 352*m - 1742. Calculate the remainder when f is divided by h(5).
15
Let i(f) = 2*f + 3. Let o be i(6). Calculate the remainder when ((-255)/(-25))/(3/o) is divided by -4 + 2 - (0 - 28).
25
Suppose -40*i = -46*i + 306. What is the remainder when 815 is divided by i?
50
Let n(o) = -47*o - 218. Suppose -6*m + 3*m + 99 = 0. Calculate the remainder when n(-6) is divided by m.
31
Suppose -288 + 468 = 4*g. Calculate the remainder when g is divided by 13.
6
Suppose -4*j = -3*j. What is the remainder when 0 + 60/(2 - j) is divided by (-78)/(-5) - (-56)/140?
14
Let k be 5*2*1/2. Suppose 0 = -4*n - 3*x + 67, 3*x - 56 = k*n - 160. Calculate the remainder when 55 is divided by n.
17
Let f = 